- 21. List the prime factors of s/3*(4 - -2).
2
Let n(c) = c**2 + c + 94. What are the prime factors of n(0)?
2, 47
Let c = 25 + -11. Let l be (6 - 1 - 3)/2. What are the prime factors of 3 - c/(l + -3)?
2, 5
Let p = -6 + 8. Let f be p*2*(-2 - -3). Let j = f - 0. List the prime factors of j.
2
Let t = -47 + 203. List the prime factors of t.
2, 3, 13
Suppose q - 4*s + 0 + 2 = 0, 0 = 4*s. Let v be (-7)/(-2) + q/(-4). Suppose v*y - 3 = 9. List the prime factors of y.
3
Suppose 4*s - 19 + 69 = -5*p, 41 = -4*p - 3*s. Let c = 31 + p. What are the prime factors of c?
17
Suppose 3*i = -3*y, -y - 1 = -2*i + 2. Let k = 4 + y. Suppose 0 = k*b + b - 16. List the prime factors of b.
2
Suppose 0*g + 3*d = -g + 1, d = 5*g + 27. Let l(u) = -u - 7. Let f be l(g). What are the prime factors of (f/(-3))/(1/18)?
2, 3
Let j = 20 - 13. Suppose 16 = n - 3*f, -3*n - 5*f + j - 29 = 0. What are the prime factors of n*3*13/3?
13
Let u be 4/(-14) - 662/(-14). Suppose -11 + u = 3*o. List the prime factors of o.
2, 3
Suppose -9*v + 13*v - 476 = 0. List the prime factors of v.
7, 17
Let s(c) = c**2 + 7*c + 8. Let u be s(-6). Let o = -53 - -57. Suppose -o*b - u = -38. List the prime factors of b.
3
Let d = -60 - -89. Let r = d + -20. What are the prime factors of r?
3
Let u(f) = f**2 - 7*f - 4. Let c be u(8). Suppose c*q - 4*h = 76, q + 4*h - 85 = -2*q. What are the prime factors of q?
23
Suppose 4*t = 20 - 4. Suppose -2*h + 0*h + 12 = t*p, 4*h = -4*p + 28. List the prime factors of h.
2
Suppose -42 + 306 = 3*w. List the prime factors of w.
2, 11
Let x(u) = 7*u + 1. Let c be x(1). Let r = c + 6. List the prime factors of r.
2, 7
Suppose 2 = g - 6. Let s = g - -2. What are the prime factors of s?
2, 5
Let q be (29/1 - -1) + 0. Suppose -3*h - 3*l + 5*l = -q, -4*l = 12. What are the prime factors of h?
2
Let l be (-24)/(-5) + 10/50. What are the prime factors of l - (5 + -3) - -21?
2, 3
Let y(d) = d**3 + d - 1. Let k be (-8)/(-12)*(4 - 1). List the prime factors of y(k).
3
Suppose 0 = 5*o + 4 - 19. List the prime factors of o.
3
Suppose 32 = 2*k + 2*u, 4*u + 0 = -8. Suppose k = 4*b - 30. List the prime factors of b.
2, 3
Let a = 247 + 44. List the prime factors of a.
3, 97
Let x(j) = 9*j + 1. Let w = -3 + -3. Let m = -5 - w. List the prime factors of x(m).
2, 5
Let u be 25/(-15)*(-19 + 1). Suppose a = 2*a - u. What are the prime factors of a?
2, 3, 5
Let b be (-4 - -2 - -5) + 1. Suppose 5*n = 2 + 13. Let c = b + n. List the prime factors of c.
7
Suppose 2*i - 28 = 8. List the prime factors of i.
2, 3
Let j = 128 + -84. List the prime factors of j.
2, 11
Suppose 2*t = 21 - 3. Suppose 5*d = -2*r, 2*d - r = -0*d + t. What are the prime factors of d?
2
Suppose 4*s - 534 = -2*s. List the prime factors of s.
89
Let w = 5 + -1. Suppose -f + 1 + 6 = 0. Let q = w + f. What are the prime factors of q?
11
Suppose 2*x - v - 1 = 2, 0 = -4*x - v + 21. Suppose 2*j - 53 = -3*t, -4*t - t + 103 = x*j. What are the prime factors of j?
2, 11
List the prime factors of (-7 + 10)/(49/23 + -2).
23
Let p(x) be the first derivative of -x**4/4 - 2*x**3 + 4*x**2 + 10*x - 2. Let n be p(-7). Suppose -3 - 6 = -n*k. What are the prime factors of k?
3
Suppose 0 = -2*v + 4*n + 78, 5*v - 25 - 114 = -4*n. Suppose -4*a = -3*a - 2. Suppose -h + 0 = -5*g - 6, -3*h + a*g + v = 0. What are the prime factors of h?
11
Let m be (-2)/5 + (-44)/(-10). Suppose m*w + 0*w = 0. Suppose w*x = 4*x - 32. What are the prime factors of x?
2
Let f = 10 + 10. List the prime factors of f.
2, 5
Let o be (2/3)/(4/(-144)). Let c = 42 + o. List the prime factors of c.
2, 3
Let c = -8 + 17. What are the prime factors of c?
3
Suppose -3*z = -2*z - 5*y - 19, -3*z + 3*y = 3. What are the prime factors of 10/30 + (-76)/z?
13
Let q = 10 - -24. List the prime factors of q.
2, 17
Let q(r) = r**2 + r - 4. Let d be q(-4). Suppose 9*f + 4 = 11*f. Suppose -s - 2*k - 8 = 3*k, -2*s = -f*k - d. List the prime factors of s.
2
Let r = 1113 + -745. List the prime factors of r.
2, 23
Let l(b) = 3*b + 3*b - 7*b + 22. What are the prime factors of l(11)?
11
Let q = 340 + -224. List the prime factors of q.
2, 29
Suppose -4*c = -45 - 83. Suppose 11 - 3 = 2*s. Suppose c - 12 = s*q. List the prime factors of q.
5
Let o(k) = k**3 - 3*k - 1. Let d be o(-3). Let s = d - -34. List the prime factors of s.
3, 5
Suppose 2*l + 3 = 11. Suppose -l*g = -107 + 15. What are the prime factors of g?
23
Let t(p) = -p**3 + p**2 + 3*p + 1. Let w be t(-3). What are the prime factors of 1/(-4) + 175/w?
2, 3
Let v = 0 - -3. Suppose 2*u - v*u + 6 = 0. What are the prime factors of 2/3*63/u?
7
Let m = 0 + 5. Suppose -m*p = -3 + 8. What are the prime factors of (19/1)/(p/(-1))?
19
Let g = 4 + -1. Suppose 5*q = 5*b + 245, 2 = g*b + 17. List the prime factors of q.
2, 11
Let u(t) = -20*t**3 + t**2 - 2*t - 3. What are the prime factors of u(-2)?
3, 5, 11
Let y(g) = g**3 + 4*g**2 - 2*g - 4. Let f be y(-4). Suppose 0 = -f*c - 0*c - b + 7, 4*b = -5*c + 6. Suppose 12 + 8 = c*p. List the prime factors of p.
2, 5
Let r = 59 - 65. Suppose -4*j + 2*c = c - 34, -j = 5*c + 2. Let d = j - r. List the prime factors of d.
2, 7
Suppose 2 = -4*i + 5*i. Let g(k) = 2*k - 12. Let w be g(9). Suppose w*t - t = i*m - 34, 4*t + 56 = 4*m. List the prime factors of m.
2, 3
Suppose 4 = 2*d - 4*u, 5*u - 2*u = 3*d - 3. Let k be (-10)/(-1 - d - 1). Suppose 3*g = 2*g + k. List the prime factors of g.
5
Suppose 4*g = 2*n + 180, 4*g - 3*n = 8*g - 190. What are the prime factors of g?
2, 23
List the prime factors of (6/(-4))/((-4786)/956 + 5).
239
Let f be 15/4 - 7/(-28). Suppose -3*o + 5 = -f. List the prime factors of o.
3
Suppose 0 = -7*h + 2*h + 240. Suppose -4*i - 47 = -5*d, 9 - h = -3*d - 3*i. List the prime factors of d.
11
Let z(y) = y**3 + 12*y**2 - 17*y - 14. Let k be z(-13). Suppose 3*n + n + 8 = 0, s = 5*n + k. What are the prime factors of s?
2, 7
Suppose 0 = 3*c + c - 56. Let k = c + -8. What are the prime factors of k?
2, 3
Let f(k) = k**3 + 6*k**2 - 4*k - 4. List the prime factors of f(-5).
41
Let l(x) = -4*x - 7. Let n be l(-3). List the prime factors of (-3 + 9/n)*-30.
2, 3
Suppose -5*l = 6*x - x - 1035, -4*l = -3*x - 842. List the prime factors of l.
11, 19
Suppose 2*j + 1 + 3 = 0. What are the prime factors of (-3)/(-6) - 71/j?
2, 3
Let o be -2*(79/(-2) + -3). Suppose 0 = -4*l + 20, 0*i - 3*l + o = 5*i. List the prime factors of i.
2, 7
Suppose 3*n - 48 = -n. What are the prime factors of (-7)/(-7) + (n - 0)?
13
Let t(j) = 2*j**2 + 3*j + 1. Let i be t(-3). Suppose 0 = -5*r + r - m - i, -2*r + m - 2 = 0. List the prime factors of r/(-1) - (-14 - 4).
2, 5
Let o(l) = -6*l - 8. Let n be o(-6). Let m = n - -24. Suppose 4*s - m = 20. What are the prime factors of s?
2, 3
Let r(m) be the first derivative of m**5/60 - 2*m**3/3 - 2. Let d(v) be the third derivative of r(v). List the prime factors of d(1).
2
Suppose -5*r = 25, 3*c + 11 = 5*c - r. Suppose 4*d + c = 39. List the prime factors of d.
3
Suppose -3*u - 3 = -4*u. Let l(a) be the third derivative of a**4/12 + a**3/2 - a**2. List the prime factors of l(u).
3
Suppose -2*w = 2*c - 5*c + 122, 0 = 2*c - w - 82. What are the prime factors of c?
2, 3, 7
Let f(m) = -m**3 + 8*m**2 + m + 1. List the prime factors of f(8).
3
Let a be 1 + 8 + 5/(-5). Let q(r) = 10 - 2 + 0*r**2 - r**2 + 8*r. What are the prime factors of q(a)?
2
Let n be (5 + -1)*2/1. Let a(z) = z**2 - 8*z + 10. Let t be a(n). Suppose -4*o = -2*f - 38 - t, -f + 9 = o. What are the prime factors of o?
11
Let u(y) = -4*y - 7. Let l = -32 + 23. What are the prime factors of u(l)?
29
Let m be (-8)/12 + 25/(-3). Let r(n) = n**3 + 10*n**2 + 8*n - 6. Let o be r(m). Suppose 4*b - o - 22 = -t, -t + 10 = -b. What are the prime factors of t?
13
Let f be 1/(-2) + (-465)/10. What are the prime factors of (-3)/(-6)*-6 - f?
2, 11
Suppose -169 + 819 = 5*c. What are the prime factors of c?
2, 5, 13
Suppose -2*k - 4*b = 16, 4*b + 11 + 5 = 5*k. What are the prime factors of k/(-2) + 18 + 2?
2, 5
Suppose 0 = 5*u - 2*o + 6*o - 198, 2*u - 86 = -5*o. What are the prime factors of u?
2, 19
Let l = 0 + 1. Let f be (l*-1)/(5/(-15)). Suppose f*t - 37 + 1 = 0. List the prime factors of t.
2, 3
Let c(j) = j - 1. Let a be c(-1). What are the prime factors of 117/12*(-8)/a?
3, 13
Let g(k) = -k**3 - 17*k**2 + 18*k + 4. Let x